k is divided by h.
9
Calculate the remainder when 194 is divided by 103/3 + 10/6 - 3.
29
Suppose 196 = 11*z - 200. Calculate the remainder when 177 is divided by z.
33
Calculate the remainder when 191 is divided by (-13)/(65/(-450)) + -5.
21
Suppose 5*s + 8*s = 26. Suppose 10 + 12 = 2*l - 2*q, -s*l = 4*q + 2. Calculate the remainder when l is divided by 3.
1
Calculate the remainder when 372 is divided by (-676)/(-20) + -3*(-2)/30.
32
Suppose -c - 5*f + 41 = 0, 3*c + c - 4*f - 116 = 0. What is the remainder when c is divided by 9?
4
Let w be 10/75 - -2*(-308)/120. Let i(t) = -t + 22. Calculate the remainder when i(w) is divided by (14/4)/((-1)/(-4)).
13
Let z be (2 - -13)*(-32)/(-10). Suppose z = 6*n - 120. What is the remainder when 82 is divided by n?
26
Let w = -22 - -28. Let f be (-24)/36 - (-202)/w. Calculate the remainder when 65 is divided by f - (-1 - -2)*-1.
31
Let h(n) = -n**3 - 16*n**2 + 2*n + 50. What is the remainder when 87 is divided by h(-16)?
15
Suppose 277*p + 61 = 278*p. Calculate the remainder when p is divided by 16.
13
Let o = 74 - -237. Suppose -14*b - 115 = -o. Calculate the remainder when 54 is divided by b.
12
Suppose j - 3*n - 2199 = -2*j, -1470 = -2*j - 2*n. What is the remainder when j is divided by 41?
37
Let r be (4 + -3)/((-2)/(-4)). Let q(a) = a**3 - 2*a**2 + 2*a - 1. Let j be q(r). What is the remainder when 11 is divided by 7 - (j + (-1 - -2))?
2
Let h = -129 - -297. Suppose 2*n = 4, -2*v + n + h = 2*n. Calculate the remainder when v is divided by 22.
17
Suppose -2*r = r + 75. Let j = r - -34. What is the remainder when 17 is divided by j?
8
Let c = -63 + 87. Let w = -23 + c. Calculate the remainder when w is divided by (-10)/(-6) - (-4)/(-6).
0
Suppose l - 9 = -5*d + 2*l, -2*d + 4*l + 18 = 0. What is the remainder when 1 - (2 - (2 + 2)) is divided by d?
0
Let q = -383 + 413. Calculate the remainder when 146 is divided by q.
26
Let k = 17 - 17. What is the remainder when (-4 + k + -3)/(-1) is divided by (14/6 + -2)*9?
1
Let t = -874 - -973. What is the remainder when t is divided by 36?
27
Let j be (0 - (-1)/(-4)) + 231/28. Calculate the remainder when (-169)/(-3) - j/6 is divided by 20.
15
Suppose -264*k = -258*k - 228. Calculate the remainder when 71 is divided by k.
33
Calculate the remainder when (7764/(-24) - -4)*4/(-6) is divided by 8.
5
Let n(q) = -q - 11. Let t be n(-13). Suppose -c + 9 = t*c. Suppose c*v - 150 = -3*v. Calculate the remainder when 74 is divided by v.
24
Let t(n) = 3*n**2 - 12*n + 34. What is the remainder when 26 is divided by t(3)?
1
Let p(q) = q - 5. Let t be p(8). Suppose 35 = t*d - i - 42, -1 = -i. Calculate the remainder when 49 is divided by d.
23
Let g(h) = -h**2 + 24*h + 22. Let b be g(17). Let u = 217 - b. Calculate the remainder when u is divided by 13.
11
Let l(k) = -3*k**2 + 63*k - 77. What is the remainder when l(19) is divided by 8?
5
Let h be (1/3)/(5/(-30)). Let a be (-1)/((-2)/h)*0. Suppose 76 = 4*d - a*d. What is the remainder when d is divided by 11?
8
Suppose 73*i = 2809 - 838. Calculate the remainder when 401 is divided by i.
23
Suppose -41 = 2*c - 41. Suppose 15*s - 14*s - 11 = c. Calculate the remainder when 16 is divided by s.
5
Suppose -o + 5 + 12 = 4*h, -o + 2*h + 11 = 0. What is the remainder when 193 is divided by o?
11
Let f(j) = 4*j - 2. Let p(y) = -5*y + 1. Let l(d) = -4*f(d) - 3*p(d). Calculate the remainder when l(0) is divided by 2.
1
Let i = 2217 - 1945. Calculate the remainder when i is divided by 91.
90
Let q = -810 - -830. What is the remainder when q is divided by (-40)/(-6)*(-6)/(-5)?
4
Suppose 0 = -3*q + 2*q + 2*b - 6, 4*q = b - 3. Suppose q = 2*v + 3*d - 40, 5*v - 86 = -3*d - d. What is the remainder when v is divided by (0 - 6)/(6/(-8))?
6
Calculate the remainder when 112 is divided by 10/(10/5)*12/5.
4
Suppose 4*d - 311 = -3*u - 29, -6*d = 5*u - 466. Calculate the remainder when u is divided by (-1)/(1 - 0) + 31.
26
Let m = -1194 - -1498. What is the remainder when m is divided by 59?
9
Suppose z - 2*z = 2*g - 8, 8 = z - 3*g. Let d = z + 6. What is the remainder when d is divided by 3?
2
Suppose -6*r = -2*r - 12. Let w(s) = 8*s + 10. Suppose 0*u = 2*u - 36. Calculate the remainder when w(r) is divided by u.
16
Let d = -24 - -42. Let s(u) = 82*u**2 + 2*u + 10. Let x be s(-3). Suppose -3*g = 4*g - x. What is the remainder when g is divided by d?
16
Let o(z) = z**3 + 6*z**2 + 4*z + 4. Let w be 0 - (4 - (-1)/1). Suppose l - 4 = -5*a + 15, 4*l - 2*a - 10 = 0. What is the remainder when o(w) is divided by l?
1
Suppose -980 = -16*u + 556. What is the remainder when u is divided by 25?
21
Let w(c) = 5*c**2 - 88*c + 90*c - 4*c**2 - 16. What is the remainder when 37 is divided by w(-7)?
18
Let r = -441 - -468. Let d be (-78)/(-4) + 1/2. Let g = r - d. Calculate the remainder when 20 is divided by g.
6
Let z(b) = -12*b + 3. What is the remainder when z(-3) is divided by 10 + (-11)/6 - (-3)/(-18)?
7
Let v(j) = 32*j + 478. What is the remainder when 1238 is divided by v(-13)?
60
Let l = -18 + 26. Let x be (-20)/15 + l/6. Suppose 5*q - q - 212 = x. Calculate the remainder when q is divided by 28.
25
Suppose -4*l - 4 = i, 0 = -2*l - i + 5 - 7. Let f(z) = -10*z**3 - 3*z**2 - z + 1. Calculate the remainder when 17 is divided by f(l).
8
Let c(d) = d**3 - 5*d**2 + 2*d - 3. Let m be c(5). Calculate the remainder when m/((-168)/(-1254)) - (-1)/(-4) is divided by 6.
4
Let b(k) = 2*k**3 - 2*k**2 - 10*k + 18. Calculate the remainder when b(5) is divided by 9.
6
Suppose 966 + 3084 = 50*j. What is the remainder when j is divided by 29?
23
Suppose 77 = 6*i + 11. Let g(d) = d**3 - 9*d**2 - 7*d - 8. Let r be g(10). Suppose -2*v + 60 = r. What is the remainder when v is divided by i?
8
Let c(m) = m - 8 + 0 - 5*m**2 + m**2. Let q(l) = 3*l**2 - l + 8. Let i(r) = -4*c(r) - 5*q(r). Calculate the remainder when 14 is divided by i(-4).
2
Let k = 301 + 65. Calculate the remainder when k is divided by 23.
21
Let b be -8 - (4/(-4) - 0). Let g = 9 + b. Suppose -q - g*q = m - 91, m = 3*q - 101. What is the remainder when q is divided by 11?
10
Suppose 0 = -23*i - 8*i + 961. Calculate the remainder when 84 is divided by i.
22
Suppose -5*c + 5*d = -250, -21*d = -5*c - 17*d + 245. What is the remainder when 172 is divided by c?
37
Let g(k) = 14*k**3 - 2*k**2 + k. What is the remainder when 778 is divided by g(1)?
11
Let w(d) = 7*d - 5. Let z(c) = c**2 + 49*c + 306. Calculate the remainder when w(7) is divided by z(-42).
8
Let p(j) = -2*j + 29. Let o be p(10). Suppose -o*a + 10 = -5*a + 3*w, 4*a = -2*w + 12. What is the remainder when 15 is divided by a?
3
Suppose -3154 - 2248 = -37*m. What is the remainder when m is divided by 2?
0
Let t = 143 + -111. Calculate the remainder when 250 is divided by t.
26
Let y(m) = -59*m + 438. What is the remainder when 285 is divided by y(7)?
10
Suppose 9*t + 12 = 10*t. What is the remainder when 106 is divided by t?
10
Suppose -a + 5*b + 20 = 0, b = -5*a + 19 + 3. Suppose -x - a = 2*c - 22, -c + 58 = 5*x. Calculate the remainder when 21 is divided by x.
10
Let l(u) = -u**3 + 5*u**2 - 5*u. Let h = 3 - -1. Let o be l(h). Let c(k) = -k**2 - 9*k - 4. What is the remainder when 45 is divided by c(o)?
13
Suppose -60*q + 312 = -34*q. Calculate the remainder when 1005 is divided by q.
9
Suppose 3*n - 2*g = 19, 4*n = -4*g + 2*g + 16. What is the remainder when 420/n + 2 - -4 is divided by 31?
28
Suppose 16 = x + 10. What is the remainder when (1 - (-8)/3)*6 is divided by x?
4
Let y(l) = 2*l**2 + 1. Calculate the remainder when 1/((-345)/87 - -4) is divided by y(1).
2
Suppose 25 = -5*f - 5*i, -3 = -f + 3*i - 2*i. Let o = -138 - -144. Let q = o - f. What is the remainder when 26 is divided by q?
5
Let t = 77 - 2. Calculate the remainder when t is divided by 13.
10
What is the remainder when 243 is divided by (520/12 - 3) + (-14)/(-21)?
38
Suppose -14 = -2*v + 10. Suppose 5*x + 15 = 0, -2*x + v = 2*z - 22. Calculate the remainder when z is divided by -21*(0 + -3)/9.
6
Let b be (-24)/(-60) - (-526)/10. Let v = b + -43. Suppose 0 = -4*j + 4*c + 92, -5*j - c + 4*c + 107 = 0. Calculate the remainder when j is divided by v.
9
Suppose 12 - 331 = -11*o. What is the remainder when 68 is divided by o?
10
Let t(r) = -29*r - 106. What is the remainder when t(-4) is di